prime factors of ((-1648)/20)/g*-5.
103
Let m = -72 + 15. Let a be (-38)/m*(-102)/(-4). Suppose c - a = 10. List the prime factors of c.
3
Let s(a) = -1947*a + 760. List the prime factors of s(-7).
14389
Let c(t) = 1957*t + 2351. What are the prime factors of c(16)?
3, 7, 229
Let q(b) = -b**3 + 18*b + 12. Let g be q(-4). Let l(u) = 387*u + 179. What are the prime factors of l(g)?
11, 157
Let z(m) = 6*m**2 - m + 19. Let d be z(12). Suppose 0 = -0*y - 2*y + k + d, 1745 = 4*y - k. What are the prime factors of y?
19, 23
Let z(r) = -1887*r - 1184. List the prime factors of z(-2).
2, 5, 7, 37
Let w(i) = -11*i**3 + 4*i**2 + 54*i + 88. What are the prime factors of w(-7)?
13, 283
Let y = -9 - -14. Suppose -156 + 41 = -y*t. Suppose 14*l - t*l = -1674. What are the prime factors of l?
2, 3, 31
List the prime factors of (-7*243585/420)/((-6)/64).
2, 5413
Suppose 0 = -r - 4*l + 23108, -31879 = -2*r + 2*l + 14387. What are the prime factors of r?
2, 7, 59
Suppose 0 = 20*m - 13*m - 483. Suppose -5*x = -2*x - m. List the prime factors of x.
23
Let k = 97 + -85. List the prime factors of (k + -2)/5 + (-495)/(-1).
7, 71
Let r = 220 - 206. Let f(a) = a**2 + 4*a - 121. List the prime factors of f(r).
131
Let b = 15 - 11. Suppose -5*q = -k + 10, -b*k = 5*q - 14 - 1. Suppose 2*x = p - 22 + 166, -k*p = x - 94. What are the prime factors of x?
2, 37
Let x = 3173 - 3156. Let k = 34 - 9. Let l = k - x. List the prime factors of l.
2
Let c(z) = -z**2 + 13*z - 9. Let p be c(12). What are the prime factors of (162/(-30) - p)*75/(-2)?
3, 5, 7
Let h = -17 - -33. Let g(a) = -16*a**2 + 6*a**3 + 4 - 4*a**3 + 2*a + 2*a - a**3. List the prime factors of g(h).
2, 17
Let z(x) = -x**3 - 10*x**2 - 49*x - 6. What are the prime factors of z(-19)?
2, 2087
Let f be -2 + 10 + (-28116)/11. List the prime factors of (-7)/(-21) + f/(-6).
5, 17
Let l(k) = -71*k**2 - 7*k + 4. Let j be l(-2). Let s = 324 + j. What are the prime factors of s?
2, 29
Suppose -9 = -19*x + 16*x. Suppose -x*t + 8*t = -50. Let o(a) = -8*a - 18. What are the prime factors of o(t)?
2, 31
Let y(f) be the second derivative of -f**5/20 + f**4/2 - f**3/3 + 7*f**2/2 + 6*f. Let i be y(7). Let r = i + 78. What are the prime factors of r?
2, 11
Let s(j) = -j**2 + 28*j - 28. Let l be s(20). List the prime factors of l/(-9)*(-1 - (-2)/(-4)).
2, 11
Suppose 4*w = -4*o + 37684, w + 5*o - 28251 = -2*w. What are the prime factors of w?
11, 857
Let y be 14/(-161) + 3186/138. Suppose y*k - 17021 = 597. List the prime factors of k.
2, 383
Suppose 5*r + 0*m = -3*m + 59, 21 = 3*r - 3*m. Suppose r*k = -0*k + 2800. What are the prime factors of k?
2, 5, 7
Suppose 708*z - 786*z = -856830. List the prime factors of z.
5, 13
Suppose -8*b + 7*b - 2*i + 12990 = 0, 4*b - i = 51906. List the prime factors of b.
2, 3, 7, 103
Suppose 0 = 13*v - 18*v. Suppose 3*f + 2*d - 7*d + 49 = v, 0 = f + 4*d + 5. Let o(y) = y**3 + 14*y**2 + 4*y - 1. List the prime factors of o(f).
2, 29
Let h(t) = 767*t**2 - t. Let x be h(1). Let d = -416 + x. Suppose -60*w + 55*w = -d. List the prime factors of w.
2, 5, 7
Let s = 14454 + 1586. List the prime factors of s.
2, 5, 401
Let h(u) = 2*u + 11. Let c be h(-9). Let v be -1 - ((-5)/c - (-12)/42). List the prime factors of -6*v/(-4) - -206.
7, 29
Let n(s) = 102*s**2 + 1069*s - 27. List the prime factors of n(-17).
2, 5639
Suppose 2*g + 16676 = 4*j + 4*g, 3*j = -5*g + 12514. List the prime factors of j.
2, 521
What are the prime factors of (-758*5)/(202/(-1919))?
5, 19, 379
Let v(y) = -14*y - 23. Let g(z) = -z**2 - 5*z + 8. Let r be g(0). Let s be v(r). Let a = -41 - s. What are the prime factors of a?
2, 47
Let m(k) = -82 - 91 + 165 + 113*k. Let u be m(6). Suppose 5*q - q = 5*b + 563, -5*q = 5*b - u. List the prime factors of q.
137
Let j = -29977 - -30015. What are the prime factors of j?
2, 19
Let c be (-6)/(-27)*-1 - (-7934)/(-18). Let y = c + 296. Let a = y + 228. What are the prime factors of a?
83
Let m = -1941 - -12823. List the prime factors of m.
2, 5441
List the prime factors of 1540523/51 + 4/(-3) + 1.
2, 11, 1373
Let b(f) = 14*f + 168. Let c be b(-12). Suppose c = 1920*i - 1923*i + 3105. What are the prime factors of i?
3, 5, 23
Let x(o) = -1262*o**3 - 5*o**2 - 44*o - 24. What are the prime factors of x(-3)?
3, 3793
Suppose 1198*f - 1108*f - 750780 = 0. What are the prime factors of f?
2, 43, 97
Let p(r) = r**2 - 4*r + 3. Let c be p(3). Suppose -15*z + c*z = -9480. List the prime factors of z.
2, 79
Let v = 57 + -52. Suppose -o = v*l - 75, 2*o + 9 + 6 = l. List the prime factors of -5*((-438)/l - -4).
2, 3, 7
Let v(c) = -69*c**3 - 84*c**2 + 13*c - 3. Let a be v(-6). List the prime factors of 8/12*a/6.
3, 19, 23
Suppose -1518 = -620*a + 598*a. Suppose -i = 3*i + 4, 20 = 3*q - 2*i. List the prime factors of (a/7 + 3)*(1 + q).
2, 3, 5
Let c(f) = f**2 + 10*f + 5. Suppose -2*z = v + 2*v + 35, 3*v + 25 = -z. Let u be c(z). Suppose -13 - u = -3*p. What are the prime factors of p?
2, 3
Suppose -2*r = -4*x - 48, -r + 10 = -2*x + x. Let d = -2891 - -2854. Let a = x - d. List the prime factors of a.
23
Suppose 3*y - 3 = 2*s + 8*y, 2*s - 4*y - 24 = 0. Suppose 0 = 2*r - n - 178, 2*r - 18*n = -23*n + 154. Suppose -r = -s*w + 39. What are the prime factors of w?
3, 7
What are the prime factors of (3*59/9)/((-57)/(-34200))?
2, 5, 59
Let v be (3/(-2))/((-6)/8). Suppose -3*d = -9*f + 4*f - 19, d + 4*f = 29. Suppose -162 = -4*p - 2*j, -p + 7*j = v*j - d. List the prime factors of p.
2, 19
Let g(r) = r**2 + r. Let l be g(-1). Suppose n + 3*b + 3 = l, -2*b = n - 3*b - 1. Suppose n = -5*a + a + 360. What are the prime factors of a?
2, 3, 5
Suppose -199*n = -202*n + 2502. Suppose 4158 = 6*k - n. List the prime factors of k.
2, 13
Let n(a) = -11 + 34*a - 47*a**3 + 12*a**2 - 47*a**3 + 93*a**3. Let p be n(14). Suppose w - 5*r = 64, -49 = -3*w + r + p. List the prime factors of w.
3, 13
Let x = 19351 + -14308. What are the prime factors of x?
3, 41
Let g(i) = -5*i**3 + 10*i**2 + 2. Let d(n) = n**3 - n**2 - n - 1. Let m(h) = 6*d(h) + g(h). Let a be m(-5). List the prime factors of ((-6)/2)/a*-14.
2, 3, 7
Let n = 42144 - 20655. List the prime factors of n.
3, 13, 19, 29
What are the prime factors of -8 - -2*(556 + 9 + -8)?
2, 7, 79
Suppose 2720 = -61*m + 53*m. Let q = 1183 + m. What are the prime factors of q?
3, 281
Let t be (-3)/((-21)/(-6)*9/(-42)). Suppose 3*p = -12, 3*s - 1830 + 658 = -t*p. List the prime factors of s.
2, 3, 11
Suppose -5*r + 3*j - 3 = -2*r, -4*j + 4 = r. Suppose -15*u + r*u = -14985. List the prime factors of u.
3, 37
Let o(h) = -251*h**3 + 12*h**2 + 114*h + 26. What are the prime factors of o(-5)?
3, 1153
Suppose 3*v - s + 5 = 6*v, 5*s + 5 = 0. Suppose -2*o + 5*i + 443 = 0, 2*i = -0*o - v*o + 464. List the prime factors of o.
229
Let m = 27 - 15. Suppose 5*x = -3*o - m, -3*o = -2*x + 16 + 17. Let b = 16 - o. List the prime factors of b.
5
List the prime factors of 253888/(-192)*-9*1.
3, 3967
Suppose 4*i - 882 = 2*i - 2*h, 5*h + 1355 = 3*i. Let s = i + -269. List the prime factors of s.
2, 11
Suppose 5*c = -x + 54, -4*c + x + 36 = -0*x. Suppose c*z - 1568 = 3*z. List the prime factors of z.
2, 7
Let s(m) = -6*m - 37. Let g be s(-7). Suppose 0 = g*u - 57 - 63. Suppose 0*t = 2*t - u. What are the prime factors of t?
2, 3
Let k(a) = 7*a**2 - a + 2. Let w be k(1). Suppose i = w*i - 14. Suppose s + 224 = u, i*u - 368 = -4*s + 50. List the prime factors of u.
3, 73
Suppose 0 = 23*q - 2025128 + 623140. List the prime factors of q.
2, 7, 311
Suppose 172 = -2*t + t. Let p be -11 - -12 - (t + -2). Suppose -p*v + 176*v - 54 = 0. List the prime factors of v.
2, 3
Let n(j) = j**2 + 9*j - 61. Suppose 0 = 39*q - 40*q + 17. List the prime factors of n(q).
3, 127
Let w(u) = -38*u**3 + 10*u**2 - 146*u - 1492. What are the prime factors of w(-9)?
2, 31, 457
Let d(i) = -i - 29. Let g be d(-15). What are the prime factors of g/28 + (-861)/(-6) + -3?
2, 5, 7
Suppose 4*m - 1806 = -3*x, -5*x + 9*x + 4*m - 2408 = 0. Let t = x + 31. List the prime factors of t.
3, 211
Let j(p) = -8*p - 31. Let o(g) = -41*g - 155. Let c(r) = -11*j(r) + 2*o(r). Suppose -2*t - 3*n + 28 - 4 = 0, -2*n + 9 = t. What are the prime factors of c(t)?
157
Suppose 1324 = 8*o - 6*o. Let p = o + -468. Suppose 6*q = p + 82. List the prime factors of q.
2, 23
Let l be